(12).
-742
Let s(d) = 9*d**3 - 92*d**2 - 8*d - 15. What is s(10)?
-295
Let p(b) = 3698*b - 399266. Give p(108).
118
Let d(n) = -22371*n - 22393. Calculate d(-1).
-22
Let g(a) = 3*a**2 - 713*a - 284101. Give g(-211).
-95
Let j(s) = 109*s**2 + 8153*s + 16293. What is j(-2)?
423
Let f(v) = 3*v**2 + 141*v + 679. Determine f(-5).
49
Let k(h) = -204*h - 9676. Determine k(-47).
-88
Let o(x) = -x**3 - 71*x**2 - 110*x + 637. Calculate o(-69).
-1295
Let r(w) = 283*w + 102993. Calculate r(-364).
-19
Let v(j) = -11248*j - 11203. Give v(-1).
45
Let x(b) = 1310*b**3 - 2*b**2 + 272*b - 270. Determine x(1).
1310
Let d(w) = -132*w + 1225. Determine d(7).
301
Let w(b) = 3*b**3 + 52*b**2 - 266*b - 4811. Give w(-17).
0
Let r(t) = -39023*t - 235211. What is r(-6)?
-1073
Let g(c) = 100518*c + 1105698. Calculate g(-11).
0
Let x(g) = g**3 + 6*g**2 + 565*g + 2260. Determine x(-4).
32
Let y(i) = 53490*i + 588395. What is y(-11)?
5
Let t(s) = s**3 + 28*s**2 + 318*s + 1508. Determine t(-12).
-4
Let d(n) = n**3 - 9*n**2 + 14*n + 421. Calculate d(0).
421
Let w(b) = 3*b**2 - 26*b + 365. What is w(-15)?
1430
Let j(p) = 10671*p + 234758. Calculate j(-22).
-4
Let w(a) = a**2 - 36*a - 3030. Determine w(74).
-218
Let x(t) = 129*t**3 + 410*t**2 + 71*t - 1. Calculate x(-3).
-7
Let x(a) = -2*a**2 + 370*a + 48092. Calculate x(-86).
1480
Let t(f) = 2*f**3 + 479*f**2 - 13817*f + 259. Determine t(26).
-27
Let m(g) = 6*g**3 + 471*g**2 + 230*g + 513. What is m(-78)?
825
Let y(z) = -z**3 - 61*z**2 + 1609*z - 883. Calculate y(-81).
8
Let v(o) = 18*o**3 - 2*o**2 - 1135*o - 3. Give v(8).
5
Let i(m) = 1063*m - 39675. Calculate i(39).
1782
Let j(z) = 1343*z - 4195. What is j(3)?
-166
Let y(o) = -27887*o + 83334. Give y(3).
-327
Let w(y) = -y**3 - 114*y**2 - 3216*y - 1513. Give w(-49).
6
Let f(o) = -o**3 + 130*o**2 + 12*o - 119. Give f(130).
1441
Let i(p) = 2*p**2 - 298*p + 8574. Give i(39).
-6
Let q(g) = 4624*g + 74970. What is q(-16)?
986
Let t(x) = -x**3 - 34*x**2 - 61*x - 5214. Calculate t(-36).
-426
Let r(i) = -16*i - 444. What is r(-55)?
436
Let g(u) = -u**2 - 969*u - 109757. What is g(-131)?
21
Let i(o) = 8533*o - 162127. Give i(19).
0
Let r(k) = 510*k**2 + 2534*k - 6. Determine r(-5).
74
Let o(n) = -3*n**2 - 366*n + 7915. Give o(19).
-122
Let z(y) = 2*y**3 - 174*y**2 + 218*y - 4173. Give z(86).
-217
Let t(a) = a**3 + 489*a**2 + 3834*a - 6718. Determine t(-481).
16
Let o(z) = 1891*z + 192857. Determine o(-102).
-25
Let z(m) = -47*m**2 + 2441*m + 372. What is z(52)?
216
Let m(j) = -j**2 - 2617*j - 483788. Determine m(-200).
-388
Let d(a) = a**3 - 432*a**2 + 11687*a - 7. Give d(29).
-7
Let i(k) = 4183*k - 137993. Calculate i(33).
46
Let i(h) = 24055*h - 144267. Calculate i(6).
63
Let v(p) = -278*p**2 + 3471*p + 9. Calculate v(13).
-1850
Let f(p) = -7273*p + 56265. Calculate f(8).
-1919
Let x(v) = -v**3 - 12*v**2 + 34*v + 33. Determine x(4).
-87
Let o(n) = -218*n**2 - 149109*n + 2037. Give o(-684).
-15
Let n(p) = -6402*p - 512101. Determine n(-80).
59
Let k(t) = 2*t**2 - 2811*t + 204575. Determine k(77).
-14
Let m(q) = 2*q**3 - 1315*q**2 + 1965*q + 1968. Give m(656).
0
Let v(i) = -3299*i + 112092. What is v(34)?
-74
Let c(u) = -u**3 + 31746*u**2 - 95240*u + 42. Calculate c(3).
9
Let d(z) = -2*z**3 - 343*z**2 - 547*z - 6287. What is d(-170)?
3
Let y(d) = -150*d**2 + 244*d + 636. What is y(3)?
18
Let p(i) = -35404*i + 353989. Calculate p(10).
-51
Let a(v) = 7*v**2 - 4201*v + 12588. Calculate a(3).
48
Let h(z) = -2*z**3 - 54*z**2 - 378*z - 305. Determine h(-14).
-109
Let m(s) = -4622*s + 596153. Determine m(129).
-85
Let t(s) = 178822*s - 1609405. What is t(9)?
-7
Let y(u) = u**3 - 21*u**2 - 311*u + 6253. Give y(16).
-3
Let s(m) = m**3 - 43*m**2 + 303*m - 799. Determine s(35).
6
Let r(m) = -242*m**2 + 43078*m - 365. Give r(178).
-9
Let j(q) = -5*q**3 + 307*q**2 - 4617*q - 60. What is j(35)?
45
Let l(i) = 32*i**2 - 1744*i - 3571. Give l(-2).
45
Let x(l) = -l**3 - 9*l**2 - 1484*l - 13440. Determine x(-9).
-84
Let t(y) = y**3 + 18*y**2 - 91*y - 1655. Determine t(-15).
385
Let k(c) = -1430*c - 18630. What is k(-13)?
-40
Let x(w) = -360*w + 24787. Calculate x(68).
307
Let x(z) = 19433*z**2 - 427525*z - 27. Give x(22).
-5
Let k(b) = -7*b**3 - 398*b**2 + 60*b + 227. Calculate k(-57).
56
Let o(g) = -7*g + 367. Determine o(-11).
444
Let u(y) = 2*y**2 - 62*y + 363. Calculate u(27).
147
Let f(l) = -2*l**3 + 26*l**2 + 103*l - 75. Determine f(16).
37
Let x(v) = -918*v + 2452. Calculate x(-3).
5206
Let x(j) = j**2 + 100*j - 1986. Calculate x(17).
3
Let v(c) = -2*c**3 + 833*c**2 - 1212*c - 13773. Calculate v(415).
-78
Let v(c) = 51*c**2 + 6*c - 115. Calculate v(-3).
326
Let s(z) = z**3 + 7*z**2 + 63*z - 143. Determine s(10).
2187
Let o(u) = -4*u**2 + 7877*u - 1017616. Calculate o(139).
3
Let z(m) = -85144*m + 2213747. Give z(26).
3
Let t(x) = x**3 - 30*x**2 - 439*x - 542. Determine t(41).
-50
Let z(l) = 3*l**2 - 2361*l + 16386. Calculate z(7).
6
Let b(w) = 175*w + 2737. Give b(-17).
-238
Let v(n) = -23*n**3 - 640*n**2 + 108*n + 230. Give v(-28).
342
Let w(y) = y**3 - 373*y**2 + 1818*y + 8433. Determine w(368).
337
Let p(f) = -2*f**3 + 220*f**2 + 38*f - 4153. What is p(110)?
27
Let r(w) = -3193*w**3 - 63857*w**2 + 71*w + 220. Give r(-20).
0
Let f(z) = -z**3 - 14*z**2 - 8524*z - 163760. What is f(-19)?
1
Let g(q) = -54*q - 1035. Calculate g(-19).
-9
Let v(m) = 5*m**3 - 470*m**2 - 34*m + 3153. Calculate v(94).
-43
Let n(v) = 137*v + 2214. Give n(-15).
159
Let n(w) = 159*w + 3708. Give n(-22).
210
Let t(w) = 29*w**2 + 2063*w + 23191. Give t(-14).
-7
Let d(j) = 17*j**2 + 25513*j - 7. Give d(0).
-7
Let x(c) = -2*c**3 - 271*c**2 - 2134*c + 2332. Calculate x(-127).
-843
Let i(l) = 91*l**2 + 55775*l - 5068. Calculate i(-613).
-164
Let o(a) = -a**3 + 311*a**2 + 6960*a + 3980. Give o(332).
-4
Let z(k) = 2*k**3 + 186*k**2 - 347*k + 3336. Determine z(-95).
201
Let i(b) = -12584*b + 37763. Calculate i(3).
11
Let o(c) = 53*c**3 + 5*c**2 - 129*c + 250. Determine o(2).
436
Let v(b) = 120*b + 8173. Calculate v(-74).
-707
Let t(o) = 26*o - 235. What is t(-21)?
-781
Let z(v) = -145*v + 577. What is z(6)?
-293
Let k(o) = -o**3 - 28*o**2 + 129*o - 55. Give k(-32).
-87
Let h(d) = 3*d**3 - 46*d**2 + 79*d + 120. Calculate h(10).
-690
Let h(r) = r**2 + 964*r + 50146. What is h(-57)?
-1553
Let f(c) = c**2 - 132*c + 2270. What is f(46)?
-1686
Let m(n) = -n**2 + 176*n - 7609. What is m(83)?
110
Let u(w) = 26*w**2 - 15311*w - 1777. What is u(589)?
-10
Let v(b) = -3*b**3 + 1504*b**2 - 499*b - 1019. Give v(501).
-17
Let q(l) = l**3 + 34*l**2 + 308*l - 324. Determine q(-17).
-647
Let m(k) = -k**2 + 53*k + 255. Give m(-5).
-35
Let z(j) = -j**2 + 17*j + 3822. What is z(-55)?
-138
Let d(n) = 714*n + 5417. Give d(-8).
-295
Let d(c) = 67*c**2 + 30788*c - 30789. Determine d(1).
66
Let f(u) = -14*u**2 + 153*u + 1173. What is f(16)?
37
Let i(w) = -w**3 + 16*w**2 - 13*w - 108. What is i(16)?
-316
Let l(a) = 2*a**2 - 375*a + 14441. Give l(54).
23
Let n(y) = -2*y**2 - 6757*y - 74341. Determine n(-11).
-256
Let u(i) = -i**2 - 18279*i - 583859. What is u(-32)?
45
Let h(q) = q**3 - 18*q**2 + 149*q - 3651. What is h(20)?
129
Let f(v) = -3*v**3 + 86*v**2 - 542*v - 889. Calculate f(17).
12
Let m(w) = 41*w**2 + 3630*w + 5483. Determine m(-87).
2
Let d(m) = 3275*m**2 + 386456*m + 691. Calculate d(-118).
-17
Let b(y) = 9027*y + 424273. Determine b(-47).
4
Let o(q) = -10*q**2 + 85*q - 135. Give o(6).
15
Let s(i) = i**3 + 31*i**2 + 133*i + 55. Calculate s(-26).
-23
Let q(s) = -s**2 - 35*s + 36795. Determine q(175).
45
Let o(t) = -292135*t + 4089888. Calculate o(14).
-2
Let p(k) = 2*k**2 - 85*k + 704. Give p(35).
179
Let b(u) = 71*u + 1594. What is b(-35)?
-891
Let s(i) = 72719*i + 509014. What is s(-7)?
-19
Let a(q) = 2044*q - 28863. Give a(14).
-247
Let y(v) = -v**3 + 133*v**2 - 791*v + 104972. Calculate y(133).
-231
Let w(n) = -n**3 - 47*n**2 + 544*n - 1442. Calculate w(5).
-22
Let d(g) = -2*g**2 - 971*g + 166010. What is d(134)?
-16
Let p(g) = -3*g**3 + 62*g**2 - 1698*g + 36096. Determine p(21).
-3
Let u(k) = k**3 + 8*k**2 - 429*k - 1830. Give u(-4).
-50
Let l(q) = 568*q**2 + 7977*q - 45. Give l(-14).
-395
Let w(b) = -12*b**2 - 129*b + 690. Determine w(5).
-255
Let u(f) = 106*f**2 + 10520*f - 8005. Determine u(-100).
-5
Let j(o) = 16*o**2 + 367*o - 10882